{"id":233,"date":"2018-03-12T16:15:43","date_gmt":"2018-03-12T16:15:43","guid":{"rendered":"http:\/\/import.getbowtied.com\/theretailerpro\/?page_id=2"},"modified":"2024-07-28T13:28:35","modified_gmt":"2024-07-28T19:28:35","slug":"blog","status":"publish","type":"page","link":"https:\/\/klahr.online\/index.php\/blog\/","title":{"rendered":""},"content":{"rendered":"<div class=\"vce-row-container\" data-vce-boxed-width=\"true\"><div class=\"vce-row vce-row--col-gap-30 vce-row-equal-height vce-row-content--top\" id=\"el-2e13de6b\" data-vce-do-apply=\"all el-2e13de6b\"><div class=\"vce-row-content\" data-vce-element-content=\"true\"><div class=\"vce-col vce-col--md-auto vce-col--xs-1 vce-col--xs-last vce-col--xs-first vce-col--sm-last vce-col--sm-first vce-col--md-last vce-col--lg-last vce-col--xl-last vce-col--md-first vce-col--lg-first vce-col--xl-first\" id=\"el-96ad0561\"><div class=\"vce-col-inner\" data-vce-do-apply=\"border margin background  el-96ad0561\"><div class=\"vce-col-content\" data-vce-element-content=\"true\" data-vce-do-apply=\"padding el-96ad0561\"><section class=\"vce-feature-section-container vce-feature-section-media--xs\"><div class=\"vce vce-feature-section vce-feature-section--min-height\" id=\"el-1464858d\" data-vce-do-apply=\"margin border animation backgroundColor el-1464858d\"><div style='background-image: url(\"https:\/\/klahr.online\/wp-content\/uploads\/2024\/07\/IMG_20230819_192246.jpg\");'  class=\"vce-feature-section-image vce-feature-section-image--alignment-left\" data-vce-background-image-all=\"https:\/\/klahr.online\/wp-content\/uploads\/2024\/07\/IMG_20230819_192246.jpg\" data-vce-background-image=\"all\"  data-vce-do-apply=\"backgroundImage el-1464858d\"><\/div><div class=\"vce-feature-section-content\"><div class=\"vce-feature-section-content-container\" data-vce-do-apply=\"padding el-1464858d\"><div class=\"vce-feature-section-description\"><h1 style=\"color: #fff;\">La tradici\u00f3n de la plata en Taxco, M\u00e9xico<\/h1><p style=\"color: #fff;\">Te contamos sobre la plata 925 mexicana.<\/p><\/div><div class=\"vce-button--style-outline-container vce-button--style-outline-container--align-left\"><span class=\"vce-button--style-outline-wrapper vce\" id=\"el-3b5d5e0b\" data-vce-do-apply=\"margin el-3b5d5e0b\"><a class=\"vce-button vce-button--style-outline-animated vce-button--style-outline--border-square vce-button--style-outline--size-medium vce-button--style-outline-animated--color-e3e3e3--fff--3d3d3d vce-button--style-outline-animated--border-color-e3e3e3--3d3d3d vce-button--style-outline-animated--background-color-3d3d3d\" href=\"https:\/\/klahr.online\/index.php\/2024\/03\/31\/explorando-la-excelencia-joyeria-mexicana-de-calidad-y-talleres-de-taxco-en-plata-925\/\" title=\"\" data-vce-do-apply=\"padding border background  el-3b5d5e0b\"><span class=\"vce-button--style-outline-text\">Leer m\u00e1s<\/span><\/a><\/span><\/div><\/div><\/div><\/div><\/section><\/div><\/div><\/div><\/div><\/div><\/div><div class=\"vce-row-container\" data-vce-boxed-width=\"true\"><div class=\"vce-row vce-row--col-gap-30 vce-row-equal-height vce-row-content--top\" id=\"el-f1065867\" data-vce-do-apply=\"all el-f1065867\"><div class=\"vce-row-content\" data-vce-element-content=\"true\"><div class=\"vce-col vce-col--md-50p vce-col--xs-1 vce-col--xs-last vce-col--xs-first vce-col--sm-last vce-col--sm-first vce-col--md-first vce-col--lg-first vce-col--xl-first\" id=\"el-7267be90\"><div class=\"vce-col-inner\" data-vce-do-apply=\"border margin background  el-7267be90\"><div class=\"vce-col-content\" data-vce-element-content=\"true\" data-vce-do-apply=\"padding el-7267be90\"><section class=\"vce-hero-section-container vce-hero-section-media--xs vce-hero-section-media--sm\"><div style='background-image: url(\"https:\/\/klahr.online\/wp-content\/uploads\/2024\/05\/IMG_5984-scaled.jpeg\");'  class=\"vce vce-hero-section\" id=\"el-2d06caa8\" data-vce-background-image-all=\"https:\/\/klahr.online\/wp-content\/uploads\/2024\/05\/IMG_5984-scaled.jpeg\" data-vce-background-image=\"all\"  data-vce-do-apply=\"margin background border  el-2d06caa8\"><div class=\"vce-hero-section--wrap-row\"><div class=\"vce-hero-section--wrap\"><div class=\"vce-hero-section--content\" data-vce-do-apply=\"padding el-2d06caa8\"><div class=\"vce-hero-section--content-container\"><h1 style=\"color: #fff; text-align: center;\"><span style=\"color: #000000;\">Brillo y elegancia<\/span><\/h1>\n<p>&nbsp;<\/p>\n<p>&nbsp;<\/p>\n<p style=\"color: #fff; text-align: center;\"><span style=\"color: #000000; font-size: 14pt;\">C\u00e1talogo de lanzamiento de oro 10k, plata 925 y oro laminado<\/span><\/p><\/div><div class=\"vce-button--style-basic-container vce-button--style-basic-container--align-center\"><span class=\"vce-button--style-basic-wrapper vce\" id=\"el-69c4a0f0\" data-vce-do-apply=\"margin el-69c4a0f0\"><a class=\"vce-button vce-button--style-basic vce-button--style-basic--border-square vce-button--style-basic--size-medium vce-button--style-basic--color-557cbf--fff\" href=\"https:\/\/klahr.online\/index.php\/ordena-por-catalogo\/\" title=\"\" data-vce-do-apply=\"padding border background  el-69c4a0f0\">Ver m\u00e1s<\/a><\/span><\/div><\/div><\/div><\/div><\/div><\/section><\/div><\/div><\/div><div class=\"vce-col vce-col--md-50p vce-col--xs-1 vce-col--xs-last vce-col--xs-first vce-col--sm-last vce-col--sm-first vce-col--md-last vce-col--lg-last vce-col--xl-last\" id=\"el-534b1dcd\"><div class=\"vce-col-inner\" data-vce-do-apply=\"border margin background  el-534b1dcd\"><div class=\"vce-col-content\" data-vce-element-content=\"true\" data-vce-do-apply=\"padding el-534b1dcd\"><section class=\"vce-hero-section-container vce-hero-section-media--xs vce-hero-section-media--sm\"><div style='background-image: url(\"https:\/\/klahr.online\/wp-content\/uploads\/2024\/05\/MG_7393-scaled.jpeg\");'  class=\"vce vce-hero-section\" id=\"el-a5b2bf27\" data-vce-background-image-all=\"https:\/\/klahr.online\/wp-content\/uploads\/2024\/05\/MG_7393-scaled.jpeg\" data-vce-background-image=\"all\"  data-vce-do-apply=\"margin background border  el-a5b2bf27\"><div class=\"vce-hero-section--wrap-row\"><div class=\"vce-hero-section--wrap\"><div class=\"vce-hero-section--content\" data-vce-do-apply=\"padding el-a5b2bf27\"><div class=\"vce-hero-section--content-container\"><h1 class=\"entry-title\" style=\"text-align: center;\"><span style=\"color: #333333;\">Encanto eterno&nbsp;<\/span><\/h1>\n<p>&nbsp;<\/p>\n<p>&nbsp;<\/p>\n<p style=\"text-align: center;\"><span style=\"color: #333333;\">Te contamos c\u00f3mo Joyer\u00edas Klahr selecciona cada pieza.<\/span><\/p><\/div><div class=\"vce-button--style-basic-container vce-button--style-basic-container--align-center\"><span class=\"vce-button--style-basic-wrapper vce\" id=\"el-517e4995\" data-vce-do-apply=\"margin el-517e4995\"><a class=\"vce-button vce-button--style-basic vce-button--style-basic--border-square vce-button--style-basic--size-medium vce-button--style-basic--color-557cbf--fff\" href=\"https:\/\/klahr.online\/index.php\/2023\/05\/06\/joyas-klahr-el-encanto-eterno-que-trasciende-el-tiempo\/\" title=\"\" data-vce-do-apply=\"padding border background  el-517e4995\">Ver m\u00e1s<\/a><\/span><\/div><\/div><\/div><\/div><\/div><\/section><\/div><\/div><\/div><\/div><\/div><\/div>\n","protected":false},"excerpt":{"rendered":"<p>La tradici\u00f3n de la plata en Taxco, M\u00e9xicoTe contamos sobre la plata 925 mexicana.Leer m\u00e1sBrillo y elegancia &nbsp; &nbsp; C\u00e1talogo\u2026<\/p>\n","protected":false},"author":1,"featured_media":0,"parent":0,"menu_order":0,"comment_status":"closed","ping_status":"open","template":"","meta":{"om_disable_all_campaigns":false,"_monsterinsights_skip_tracking":false,"_monsterinsights_sitenote_active":false,"_monsterinsights_sitenote_note":"","_monsterinsights_sitenote_category":0,"_vp_format_video_url":"","_vp_image_focal_point":[],"footnotes":""},"class_list":["post-233","page","type-page","status-publish","hentry"],"aioseo_notices":[],"jetpack_sharing_enabled":true,"_links":{"self":[{"href":"https:\/\/klahr.online\/index.php\/wp-json\/wp\/v2\/pages\/233","targetHints":{"allow":["GET"]}}],"collection":[{"href":"https:\/\/klahr.online\/index.php\/wp-json\/wp\/v2\/pages"}],"about":[{"href":"https:\/\/klahr.online\/index.php\/wp-json\/wp\/v2\/types\/page"}],"author":[{"embeddable":true,"href":"https:\/\/klahr.online\/index.php\/wp-json\/wp\/v2\/users\/1"}],"replies":[{"embeddable":true,"href":"https:\/\/klahr.online\/index.php\/wp-json\/wp\/v2\/comments?post=233"}],"version-history":[{"count":17,"href":"https:\/\/klahr.online\/index.php\/wp-json\/wp\/v2\/pages\/233\/revisions"}],"predecessor-version":[{"id":1528,"href":"https:\/\/klahr.online\/index.php\/wp-json\/wp\/v2\/pages\/233\/revisions\/1528"}],"wp:attachment":[{"href":"https:\/\/klahr.online\/index.php\/wp-json\/wp\/v2\/media?parent=233"}],"curies":[{"name":"wp","href":"https:\/\/api.w.org\/{rel}","templated":true}]}}