{"id":857,"date":"2024-03-31T17:26:34","date_gmt":"2024-03-31T23:26:34","guid":{"rendered":"https:\/\/klahr.online\/?page_id=857"},"modified":"2024-07-26T09:50:12","modified_gmt":"2024-07-26T15:50:12","slug":"ordena-por-catalogo","status":"publish","type":"page","link":"https:\/\/klahr.online\/index.php\/ordena-por-catalogo\/","title":{"rendered":"Compra por cat\u00e1logo"},"content":{"rendered":"<p>[vc_row][vc_column][vc_column_text]<\/p>\r\n<figure class=\"wp-block-image aligncenter size-full\"><img decoding=\"async\" width=\"660\" height=\"422\" class=\"wp-image-858\" src=\"https:\/\/klahr.online\/wp-content\/uploads\/2024\/03\/Screen-Shot-2024-03-31-at-16.24.13.png\" alt=\"Compra en l\u00ednea paso a paso\" srcset=\"https:\/\/klahr.online\/wp-content\/uploads\/2024\/03\/Screen-Shot-2024-03-31-at-16.24.13.png 660w, https:\/\/klahr.online\/wp-content\/uploads\/2024\/03\/Screen-Shot-2024-03-31-at-16.24.13-300x192.png 300w\" sizes=\"(max-width: 660px) 100vw, 660px\" \/>\r\n<figcaption class=\"wp-element-caption\"><\/figcaption>\r\n<\/figure>\r\n<p>[\/vc_column_text][\/vc_column][\/vc_row][vc_row][vc_column][vc_column_text]<\/p>\r\n<p>Sum\u00e9rgete en la riqueza cultural y la exuberancia de M\u00e9xico con nuestro &#8220;Cat\u00e1logo de Lanzamiento&#8221; de Joyer\u00edas Klahr. Cada pieza es una expresi\u00f3n de la belleza \u00fanica que caracterizan a la joyer\u00eda mexicana. Nuestros expertos artesanos han creado cada anillo, dije y par de aretes con meticulosa atenci\u00f3n al detalle, utilizando una mezcla de materiales de la m\u00e1s alta calidad.<\/p>\r\n<p>\u00danete a nosotros mientras exploramos el cat\u00e1logo de lanzamiento de Joyer\u00edas Klahr y deja que tu estilo brille con la vibrante energ\u00eda de la cultura mexicana!<\/p>\r\n<p>[\/vc_column_text][vc_single_image image=&#8221;962&#8243; img_size=&#8221;full&#8221; alignment=&#8221;center&#8221; onclick=&#8221;custom_link&#8221; link=&#8221;https:\/\/klahr.online\/index.php\/2024\/04\/20\/catalogo-de-lanzamiento\/&#8221;][\/vc_column][\/vc_row]<\/p>","protected":false},"excerpt":{"rendered":"<p>[vc_row][vc_column][vc_column_text][\/vc_column_text][\/vc_column][\/vc_row][vc_row][vc_column][vc_column_text] Sum\u00e9rgete en la riqueza cultural y la exuberancia de M\u00e9xico con nuestro &#8220;Cat\u00e1logo de Lanzamiento&#8221; de Joyer\u00edas Klahr. Cada\u2026<\/p>\n","protected":false},"author":2,"featured_media":0,"parent":0,"menu_order":0,"comment_status":"closed","ping_status":"closed","template":"","meta":{"om_disable_all_campaigns":false,"_monsterinsights_skip_tracking":false,"_monsterinsights_sitenote_active":false,"_monsterinsights_sitenote_note":"","_monsterinsights_sitenote_category":0,"_vp_format_video_url":"","_vp_image_focal_point":[],"footnotes":""},"class_list":["post-857","page","type-page","status-publish","hentry"],"aioseo_notices":[],"jetpack_sharing_enabled":true,"_links":{"self":[{"href":"https:\/\/klahr.online\/index.php\/wp-json\/wp\/v2\/pages\/857","targetHints":{"allow":["GET"]}}],"collection":[{"href":"https:\/\/klahr.online\/index.php\/wp-json\/wp\/v2\/pages"}],"about":[{"href":"https:\/\/klahr.online\/index.php\/wp-json\/wp\/v2\/types\/page"}],"author":[{"embeddable":true,"href":"https:\/\/klahr.online\/index.php\/wp-json\/wp\/v2\/users\/2"}],"replies":[{"embeddable":true,"href":"https:\/\/klahr.online\/index.php\/wp-json\/wp\/v2\/comments?post=857"}],"version-history":[{"count":39,"href":"https:\/\/klahr.online\/index.php\/wp-json\/wp\/v2\/pages\/857\/revisions"}],"predecessor-version":[{"id":1347,"href":"https:\/\/klahr.online\/index.php\/wp-json\/wp\/v2\/pages\/857\/revisions\/1347"}],"wp:attachment":[{"href":"https:\/\/klahr.online\/index.php\/wp-json\/wp\/v2\/media?parent=857"}],"curies":[{"name":"wp","href":"https:\/\/api.w.org\/{rel}","templated":true}]}}