{"id":1823,"date":"2024-10-07T16:32:42","date_gmt":"2024-10-07T22:32:42","guid":{"rendered":"https:\/\/klahr.online\/?post_type=product&#038;p=1823"},"modified":"2024-10-07T17:00:37","modified_gmt":"2024-10-07T23:00:37","slug":"dije-tiburon-tigre","status":"publish","type":"product","link":"https:\/\/klahr.online\/index.php\/producto\/dije-tiburon-tigre\/","title":{"rendered":"Dije tibur\u00f3n tigre"},"content":{"rendered":"<p>Dije de plata 925. R\u00e9plica exacta de dientes de tibur\u00f3n tigre.<\/p>\n<p>Cadena de plata 925 largo 50cm de eslab\u00f3n 3 x 1<\/p>\n<p>** Todos los elementos de esta pieza han sido elaborados con plata 925 y no contienen ning\u00fan material derivado de tiburones reales.<\/p>\n","protected":false},"excerpt":{"rendered":"<p>Dije de plata 925. R\u00e9plica exacta de dientes de tibur\u00f3n tigre.<\/p>\n<p>Cadena de plata 925 largo 50cm de eslab\u00f3n 3 x 1.<\/p>\n<p>** Todos los elementos de esta pieza han sido elaborados con plata 925 y no contienen ning\u00fan material derivado de tiburones reales.<\/p>\n","protected":false},"featured_media":1828,"template":"","meta":{"om_disable_all_campaigns":false,"_monsterinsights_skip_tracking":false,"_monsterinsights_sitenote_active":false,"_monsterinsights_sitenote_note":"","_monsterinsights_sitenote_category":0,"_vp_format_video_url":"","_vp_image_focal_point":[]},"product_brand":[],"product_cat":[490,87],"product_tag":[362,411,283],"class_list":{"0":"post-1823","1":"product","2":"type-product","3":"status-publish","4":"has-post-thumbnail","6":"product_cat-tiburones","7":"product_cat-juego","8":"product_tag-juego-de-plata","9":"product_tag-plata","10":"product_tag-plata-925","12":"first","13":"instock","14":"taxable","15":"shipping-taxable","16":"purchasable","17":"product-type-simple"},"aioseo_notices":[],"jetpack_sharing_enabled":true,"_links":{"self":[{"href":"https:\/\/klahr.online\/index.php\/wp-json\/wp\/v2\/product\/1823","targetHints":{"allow":["GET"]}}],"collection":[{"href":"https:\/\/klahr.online\/index.php\/wp-json\/wp\/v2\/product"}],"about":[{"href":"https:\/\/klahr.online\/index.php\/wp-json\/wp\/v2\/types\/product"}],"wp:featuredmedia":[{"embeddable":true,"href":"https:\/\/klahr.online\/index.php\/wp-json\/wp\/v2\/media\/1828"}],"wp:attachment":[{"href":"https:\/\/klahr.online\/index.php\/wp-json\/wp\/v2\/media?parent=1823"}],"wp:term":[{"taxonomy":"product_brand","embeddable":true,"href":"https:\/\/klahr.online\/index.php\/wp-json\/wp\/v2\/product_brand?post=1823"},{"taxonomy":"product_cat","embeddable":true,"href":"https:\/\/klahr.online\/index.php\/wp-json\/wp\/v2\/product_cat?post=1823"},{"taxonomy":"product_tag","embeddable":true,"href":"https:\/\/klahr.online\/index.php\/wp-json\/wp\/v2\/product_tag?post=1823"}],"curies":[{"name":"wp","href":"https:\/\/api.w.org\/{rel}","templated":true}]}}